m**2 - 15*m**2 - 5*m**3 + 16*m - 7*m**2 + 4 + 4*m**3. Let w(y) = 6*y**3 - 49*y**2 - 82*y - 20. Let b(g) = -11*c(g) - 2*w(g). Give b(-11).
7
Let o(n) = -n + 17. Let b be (1380/16 - 4)/(2/(-8)). Let m = b - -341. Determine o(m).
5
Let r(o) = -14*o - 21. Let l(s) = -7*s - 11. Let d(h) = 9*l(h) - 4*r(h). Let f be d(-2). Let p(m) = -2 + 0*m + 4 - 3 + 10*m. Determine p(f).
-11
Let u be (-11 - -18)*(5 - 2). Let p = u + -51. Let h = 29 + p. Let m(i) = 8*i. Calculate m(h).
-8
Let j(p) = -8*p**3 - 2*p**2 - p. Let i be j(-1). Let v(y) = y + y**2 + i*y - 17*y + 0*y. Let u be v(9). Let w(f) = f**2 - f. Give w(u).
0
Let d be ((-14)/(-3))/((-2)/6). Let n be d/2 + (3 - 2). Let u(b) be the first derivative of b**3/3 + 3*b**2 + 6*b - 53110. Give u(n).
6
Let s(i) = 11*i - 50. Let k(a) = 20*a - 49. Let r(t) = -4*k(t) + 5*s(t). Determine r(-2).
-4
Let a be (-1)/(6/(1182 + 6)). Let z = 207 + a. Let j(c) be the third derivative of -c**4/24 + 7*c**3/6 - c**2. Give j(z).
-2
Let b(c) = -c**2 - 7*c - 14. Suppose -341*t = -305*t + 288. What is b(t)?
-22
Let q(u) be the first derivative of u**3/3 + 13*u**2/2 - 31*u - 972. What is q(-16)?
17
Let p = 683 + -680. Suppose -21 = -p*a - 2*c + 4, -4*c + 43 = 5*a. Let d(f) = -f**2 + 7*f - 7. Give d(a).
-7
Let o(c) = -c**2 + 961*c + 6*c**2 - 959*c - 9 - c**3. Calculate o(4).
15
Let n(z) = -6*z + 2. Suppose 5*q + 920 = 120*q. Let i(l) = 5 - 3*l - 13*l - l. Let o(p) = q*n(p) - 3*i(p). Determine o(-2).
-5
Let g(b) = -3*b**3 - 2*b**2 + 2*b + 1. Let t(c) = c**3 - 2*c**2 + 2*c - 2. Let p(u) = g(u) + 4*t(u). Let j be (18/(-5))/(6/(-15)). Give p(j).
2
Let k(s) = -154*s - 6003. Let q be k(-39). Let c(j) = 38*j - 115. Determine c(q).
-1
Suppose 3*a + 0*a + 2*b = -220, 0 = -a - 4*b - 80. Suppose 311 = 7*p - 137. Let j = p + a. Let v(h) = h**3 + 7*h**2 - 9*h + 1. Give v(j).
9
Let g(t) = -t**2 - 13*t - 5. Let x(c) = 4*c**2 - 10*c + 41. Let v(d) = -3*d**2 + 10*d - 40. Let r(s) = -6*v(s) - 5*x(s). Let a be r(3). What is g(a)?
-5
Let p(z) = -z**3 - 18*z**2 - z - 27. Suppose -133*m = -121*m + 216. Give p(m).
-9
Let c be 9/4 + (-2)/8. Let l(v) = 5 + 2*v**3 - v**3 - 13*v**c + v + 5*v**2. Let b be (-4 + 3)*-13 + -2*10/4. Determine l(b).
13
Let n(f) = -3*f**2 - 12*f - 17. Let b = 45 + -65. Let w be (2/8)/((-1)/b). Let d(u) = 2*u**2 + 8*u + 11. Let i(a) = w*n(a) + 8*d(a). Calculate i(-4).
3
Let i(x) be the third derivative of -x**4/24 - 35*x**3/6 + 6*x**2 - 22*x. What is i(-42)?
7
Let h(k) be the third derivative of k**7/2520 - k**6/120 + 23*k**4/12 - k**3/3 + 2*k**2 + 32. Let y(p) be the second derivative of h(p). What is y(7)?
7
Let c = -8485 + 8477. Let z(x) = -16*x - 125. What is z(c)?
3
Let m(p) = 2*p - 1. Suppose 0 = -s - 5*q - 9, 4*s - 10 - 20 = 2*q. Let t(c) = -11*c**3 + 7*c**3 - 4 + 3*c**3 + 5*c - s*c**2 + c**2. Let u be t(-6). Give m(u).
3
Let c be 272/102*(-45)/20. Let d(a) = a - 6. Calculate d(c).
-12
Let y(i) = 4*i**2 - 38*i - 30. Suppose 4*m - 10*l - 70 = -5*l, 36 = 3*m - l. Give y(m).
-10
Suppose -5*o = -b + 33, -4*b - b - 2*o = -84. Let v(j) = 2*j + 2. Let x be v(-3). Let d be x/b - (-5 - 122/(-18)). Let p(a) = -a - 2. Determine p(d).
0
Let j(m) = -m**3 + 3*m**2 + 52*m - 3. Let c be ((-88)/(-66))/((-18)/81). Give j(c).
9
Let w be 1969/(-132) - 30/(-2). Let a(z) be the third derivative of 1/120*z**6 + 24*z**2 + z**3 + 1/6*z**5 + 0 + w*z**4 + 0*z. What is a(-10)?
-14
Suppose 7*t - 6*t - 27 = 0. Suppose -4*i - t = -3*x - 0*x, -5*i + 10 = 5*x. Let a(n) = n**2 - 4*n - 9. Let l be a(x). Let r(s) = 2*s - 1. Calculate r(l).
-9
Let m = -10269 + 10275. Let p(v) = -3*v**2 + 8*v + 12. Calculate p(m).
-48
Let q(c) = -2*c. Let t(p) = -6*p - 73. Let u(n) = 6*q(n) + t(n). Determine u(-4).
-1
Let j be (18/5)/(9/90). Let t be 4/(-10) - j/(-15). Let l(b) = -b**2 - 7*b + 3. Let s(g) = 2*g**2 + 20*g - 9. Let z(y) = 11*l(y) + 4*s(y). Calculate z(t).
-9
Let m(z) be the second derivative of -z**7/2520 - z**6/120 - 3*z**5/40 + 89*z**4/6 + z**2/2 - 113*z - 2. Let k(q) be the third derivative of m(q). Give k(-8).
-25
Let x(k) = -38*k - 34*k + 53*k + 1. Let m(h) = -h - 1. Let p(q) = 2*m(q) + x(q). Give p(-1).
20
Let l(i) be the first derivative of 1/15*i**5 + 0*i**2 - 1/360*i**6 - 7/24*i**4 - 5 + 0*i - i**3. Let j(p) be the third derivative of l(p). What is j(5)?
8
Let t(c) = -540 + 1096 - 564 + 14*c. Give t(7).
90
Let k = -263 + 266. Let l(w) = w**k + 14*w**2 + 10*w**2 - 45*w**2 - 1 + w - 1 + 17*w**2. What is l(4)?
2
Let x(n) be the third derivative of -n**6/120 + 11*n**5/60 - 7*n**4/12 - 9*n**3/2 - 8*n**2 - 370*n - 1. Calculate x(9).
9
Let c be -3*(-4)/6*5. Let i(r) = 149*r + 98*r - 6 + 92*r + 93*r - 430*r. What is i(c)?
14
Suppose -30*k + 27*k + v = -25, -4*k = 2*v - 20. Let x(c) = -c**3 + 7*c**2 - 18. Give x(k).
-18
Let z be 41/13 + ((-112)/(-624) - 1/3). Let r(g) = g**2 + 4*g - 31. Calculate r(z).
-10
Let h(p) = -6*p. Suppose 7*v = 5*v - 94. Let g = 41 + v. Let a be 3 + 1*(4 + g). What is h(a)?
-6
Let l(u) be the first derivative of 3*u**3 + 4*u**2 + 9*u - 39. Let z(r) = -4*r**2 - 4*r - 4. Let g(q) = -2*l(q) - 5*z(q). Give g(-2).
2
Let f(t) be the first derivative of -t**5/120 - t**4/4 + 19*t**3/3 - t + 49. Let d(i) be the third derivative of f(i). Calculate d(-9).
3
Let c(o) = -o**2 + 14*o - 14. Let z(l) = -2*l**2 + 27*l - 28. Let d(n) = -7*c(n) + 4*z(n). Let x(g) = g**3 + 28*g**2 + 92*g - 88. Let v be x(-24). What is d(v)?
2
Let f(h) = -h**3 - 12*h**2 - h. Suppose -25*l + 41 = -9. Suppose 0 = -2*q - l*w - 26, -5*w = -2*q - 6*w - 25. Calculate f(q).
12
Let n(c) be the first derivative of -c**4/4 - 8*c**3/3 - 9*c**2/2 - c - 372. Let s(h) = 9*h**3 + 2*h**2 - h - 1. Let q be s(-1). What is n(q)?
13
Let y(n) be the second derivative of -n**6/720 + n**5/60 - 19*n**4/3 + 12*n - 2. Let q(k) be the third derivative of y(k). What is q(-3)?
5
Let o(g) = -g + 0*g - 13 + 10. Let w(f) = 2*f + 3. Let u be w(2). Let k be -2 + (-6 - -2) + -4 + u. Calculate o(k).
0
Suppose 3*o = 4*l - 9, 2*o - 2 - 15 = -5*l. Suppose 72 = 3*v - 3*n, n - l = -6. Suppose -4*z + 37 - v = 0. Let d(k) = 2*k + 3. Determine d(z).
11
Let k(a) be the second derivative of -a**5/20 + 3*a**4/4 - 13*a**3/6 + 1851*a. Determine k(7).
7
Let b(l) = l**2 + 10*l + 9. Let o(q) = -q**2 - 9*q + 65. Let f be o(4). Suppose -46 + 150 = -f*g. Determine b(g).
-7
Let j(u) = 8*u - 95. Let r(g) = g + 21. Let q(p) = j(p) + 8*r(p). Calculate q(-5).
-7
Let m(i) = -4*i - 57. Let x = -3847 + 3835. Give m(x).
-9
Let i(m) = -82*m - 496. Let o be i(-6). Let j(f) = 4*f**2 + 3*f - 2. Let x(a) = 11*a**2 + 10*a - 5. Let q(s) = -8*j(s) + 3*x(s). Calculate q(o).
-7
Let v(f) = f**3 + 14*f**2 + 8*f - 19. Suppose 8*b - 4*i + 100 = 0, -3*b + 2*i + 3*i = 34. What is v(b)?
46
Let y(a) = 5*a**3 - 8*a**2 - 2. Let w(p) = -32*p**3 + 47*p**2 + 14. Let s(g) = -2*w(g) - 13*y(g). Let f be -6 - -8 - -2*2*2. Give s(f).
-2
Suppose 7*s - 2 = -16. Let f be (-6 + s)/(5 + -3). Let k(w) = 63*w + w**3 - 69*w - 2 + 0*w**3 + 2*w**2. Give k(f).
-10
Suppose -79*h + 37*h = 28*h - 210. Let f(p) be the third derivative of 12*p**2 - 1/120*p**6 + 0 - 1/24*p**4 + 1/60*p**5 + 0*p + 1/2*p**h. Give f(3).
-18
Let g(j) = -4*j**2 - 6*j - 7. Let c(m) = -9*m**2 - 12*m - 14. Let z(h) = -3*c(h) + 7*g(h). Suppose -164 = 71*i + 191. Give z(i).
-2
Let b be 2/5*4*(-1310)/(-524). Let k(q) be the second derivative of -q**4/6 + 2*q**3/3 + q**2 - 2*q. Give k(b).
-14
Let p be (-6 - 110/(-20))/((-2)/356). Let b = p - 86. Let t(f) = -f**3 + 4*f**2 - 3*f - 1. What is t(b)?
-1
Let k(s) = s**3 + 7*s**2 + 6*s - 15. Let y(c) = c**3 - 2*c**2 + 43*c - 143. Let g be y(3). Calculate k(g).
5
Suppose -3*w = -2*z + 380, 3*z - 56 = w + 528. Let g(o) = 382*o - z*o - 187*o. What is g(-2)?
2
Let b(p) = p - 2. Suppose 3*t - 5*y + 6*y + 5 = 0, 3*t + 3*y = -9. Let a be (1 - t/(-2 + 1)) + 2. What is b(a)?
0
Let m(q) = -13*q - 127. Let i(y) = 10*y + 98. Let t(s) = 4*i(s) + 3*m(s). Calculate t(23).
34
Suppose 0 = 34*v - 53*v. Let l(y) be the third derivative of 1/2*y**3 + v*y - 1/3*y**4 + 0 + 12*y**2. What is l(2)?
-13
Suppose 10*h - 14*h + 96 = 0. Suppose -5*c - c = h. Let d(f) = 2*f**3 + 7*f**2 + 3*f - 5. Give d(c).
-33
Let w be (8/(-10))/((-78)/(-30) + -3). Suppose -2*a - q = -24, -w*q - 8 = -2*a + 4. Let o(t) = -t**3 + 9*t**2 + 10*t - 3. What is o(a)?
-3
Let r = -12 - -10. Let p(v) = -7*v**2 - 6*v - 1